inder when g is divided by x?
9
Let l = -385 - -573. Suppose 0*w + 2*w - 196 = -g, 2*w - g = l. What is the remainder when w is divided by 50?
46
Suppose 4365 - 691 = 22*n. Calculate the remainder when n is divided by 90.
77
Let j(u) = -14*u - 74. Let d be j(-6). Suppose 3*h = 4*h - 4*r - 91, 2*r + d = 0. Calculate the remainder when h is divided by 18.
17
Calculate the remainder when (22/(-8))/((-2)/8) is divided by 5/10 + 65/10.
4
Suppose -3*m = -5 - 7. Suppose 2*d - c = -2*d - 124, 2*d + 76 = m*c. Let y = d - -67. Calculate the remainder when y is divided by 10.
7
Suppose 0 = 2*g + z - 5 - 33, -4*g + 84 = -2*z. Suppose 14*k - 9*k - 490 = 0. What is the remainder when k is divided by g?
18
Let y(k) = -3*k**2 - 23*k + 12. Calculate the remainder when 120 is divided by y(-7).
16
Let j = 444 + -386. What is the remainder when j is divided by 22?
14
Let k(q) = 81*q - 94. Suppose 3*a = 2*t - 6*t + 42, a - 58 = -5*t. What is the remainder when k(2) is divided by t?
8
Suppose -4*l + 3 = 3*v + 1, -2*v + 4*l - 32 = 0. What is the remainder when 119 is divided by 14 + (16 - 4)/v?
11
Suppose 5*l = 3*k - 54, -l - 89 = -4*k - 0*l. Suppose -o = -2*v + 73, -2*v - 53 = -2*o + 3*o. Let x = o - -75. What is the remainder when k is divided by x?
11
Let a(q) = 3*q - 3 + 0*q - 4*q. Let l be a(7). Calculate the remainder when 6/l - (-774)/15 is divided by 18.
15
Suppose 158 = -1328*w + 1330*w. Calculate the remainder when 631 is divided by w.
78
Let f(k) = k**3 + 9*k**2 + 13. Let g be ((4 + -7)*-2)/((-2)/3). Calculate the remainder when f(g) is divided by 5.
3
Suppose -40*o = 2*o - 3444. What is the remainder when o is divided by 18?
10
Suppose -5*n + 5*z = z - 285, 5*n - 2*z - 295 = 0. Let y be 1 + 0 + (249 - 0). Calculate the remainder when n is divided by 2/(-8) - y/(-8).
30
Suppose 19*c - 10*c = 1080. Calculate the remainder when 357 is divided by c.
117
Suppose 4*z + 11 = -w, 5*w + 93 = 4*z - 34. Let q = -7 - w. What is the remainder when (2/(-4))/((-2)/316) is divided by q?
15
Let p = 1124 + -775. What is the remainder when p is divided by 22?
19
Calculate the remainder when (6 - (2 + -1))*(5 + 9) is divided by 26.
18
Suppose -u = u - 170. Suppose -5*w - 5*v = -u, 0*v = -2*w + 4*v + 46. What is the remainder when w is divided by 7?
5
Suppose 0 = -3*k + 5*k - 10. Suppose -5*d + 7 = -28. Suppose -d*p + 10*p - 42 = 0. Calculate the remainder when p is divided by k.
4
Suppose 2*n = -14 + 84. Let p = n + -31. Calculate the remainder when 13 is divided by p.
1
Let u = -32 - -35. Suppose 0 = -2*w + u*m + 41, 0*w + 3*w + 4*m = 53. What is the remainder when 92 is divided by w?
16
Let s(y) = y**3 + 11*y**2 - 11*y + 16. Suppose p - 5*w + 27 = 0, -2*w = 4*p + 2*w + 36. Calculate the remainder when 10 is divided by s(p).
2
Let q(n) = -n**3 - 11*n**2 + 21*n - 43. What is the remainder when 78 is divided by q(-13)?
12
Suppose 0 = 4*m + v - 77, 2*m + 3*v - 4*v - 43 = 0. Let h = 10 - -12. What is the remainder when h is divided by 122/10 + (-4)/m?
10
Suppose 3*v + 15 = 0, 0 = -2*b + 4*v + 2054 + 594. Let a = 5 - 8. Calculate the remainder when 2/a - b/(-27) is divided by 13.
9
Let w be 0/2 - (-15 - -2). Let a = -5 + w. What is the remainder when (-4)/14 + 4/(56/438) is divided by a?
7
Let h(t) = 3*t + 1 + 7 - t - 4. Suppose -5*p + 3 = 18, 0 = 4*s + 3*p - 11. Calculate the remainder when h(2) is divided by s.
3
Suppose -4*h - l = 4*l - 134, -2*h + l = -60. Suppose 0*u = 4*w - 4*u + 24, 0 = -5*w + 4*u - h. Let s = w + 13. Calculate the remainder when 22 is divided by s.
4
Let q(k) = -767*k**3 - 2*k**2 - k. Let t be q(-1). Calculate the remainder when t/10 + -4*(-3)/30 is divided by 26.
25
What is the remainder when (3 + (-252)/(-15))/((-57)/(-1425)) is divided by 62?
61
Let j = -1682 + 1781. What is the remainder when j is divided by 64?
35
Let p(m) = m**2 - 13*m + 34. Let l be p(14). Suppose -52*t = -l*t - 916. What is the remainder when t is divided by 29?
26
Suppose -20*y - 50 = -19*y. Let n = 23 + y. What is the remainder when 18 is divided by (9/n)/(2/(-60))?
8
Let h = 55 + -31. Let j(s) = -s**2 - 5*s + 1. What is the remainder when h is divided by j(-4)?
4
Suppose -3*b = 23 - 65. Calculate the remainder when 96 is divided by b.
12
Let v = 4 + 44. Calculate the remainder when v is divided by 40.
8
Suppose 9*i - 6*i - 9 = 0. Let n(g) = 5*g**2 + 2 + 24*g - 2*g**3 - 24*g + 3*g**i. Calculate the remainder when 3 is divided by n(-5).
1
Suppose 26*p = 32*p - 354. Calculate the remainder when p is divided by 20.
19
Suppose 0 = -26*l + 2362 + 30. Calculate the remainder when l is divided by 17.
7
Let w(t) = 6*t + 3. Suppose -i + 1 - 6 = 0. Let o(h) = -h**3 - 3*h**2 + 6*h - 5. What is the remainder when w(9) is divided by o(i)?
12
Let a(k) = -3*k + 12*k - 7 + 8. What is the remainder when 48 is divided by a(1)?
8
Let j(k) = 4*k**2 - 28*k + 14. Suppose 3*n - 5*u + 1 = 22, 3*u = 3*n - 21. Calculate the remainder when 35 is divided by j(n).
7
Let a = -184 + 195. Let j(x) = x**3 - 6*x**2 + 10*x - 6. What is the remainder when j(6) is divided by a?
10
Suppose -7*i + 4*i = -57. Suppose 0 = 3*q - 9. Suppose -2*y + 2*f + 154 = 0, 2*y - 208 = q*f - 52. Calculate the remainder when y is divided by i.
18
Let z be (8 + -1)*-6 + -1. Let v = z - -113. Calculate the remainder when v is divided by 18.
16
Calculate the remainder when 496/6 - 2/3 is divided by ((-110)/6)/(11/((-660)/50)).
16
Let a = 39 + -23. Let h = 43 - a. Suppose -m + 3*m + 50 = 5*i, -3*i - 3*m = -30. What is the remainder when h is divided by i?
7
Suppose -7*t = -191 - 33. Suppose 0 = 5*m - 3*m - t. What is the remainder when 143 is divided by m?
15
Suppose 6*o = 4*o. Suppose 2*y + 2*y + 132 = o. Calculate the remainder when 87 is divided by (-6)/y - (-480)/22.
21
Let y = 519 - 466. Calculate the remainder when y is divided by 29.
24
Suppose -17*s + 18*s - 9 = 0. Let v(h) = -7*h + 0 + 5 + h**3 + 3 - 7*h**2. Calculate the remainder when v(8) is divided by s.
7
Let s(x) = x + 6. Suppose -6*h + 29 + 13 = 0. What is the remainder when (h + -8)/(1/(-47)) is divided by s(6)?
11
Calculate the remainder when 110*(54/210 - 3/(-21)) is divided by ((-6)/5)/((-3)/40).
12
Let a = -34 - 3. Let b(v) = 32*v + 2. Let y be b(-2). Let n = a - y. Calculate the remainder when n is divided by 9.
7
Calculate the remainder when (-6 + 2454/12)/((-2)/(-4)) is divided by 21.
19
Let f = -3157 - -3202. Let m = 4 - -21. What is the remainder when f is divided by m?
20
Let b = -21 - -35. Let w = 21 - b. Calculate the remainder when 11 is divided by w.
4
Let v(b) = -b - 11. Let c be v(-10). Let y(p) = 13*p**2. Let w(f) = -f**3 - 10*f**2 + 10*f + 25. What is the remainder when w(-11) is divided by y(c)?
10
Let s be ((-4)/8)/((-2)/(-4)). Calculate the remainder when 8 is divided by (s - (-3 + 0)) + 1.
2
Suppose 3 = 6*y - 3. Suppose -u - 2 = -y, 5*n + 4*u = 56. What is the remainder when 46 is divided by n?
10
Let w = -19 - -30. What is the remainder when (2 + 19/(-2))/(42/(-112)) is divided by w?
9
Suppose 64 = 6*g + 52. Calculate the remainder when 9 + -1 + (-2 - -3) is divided by g.
1
What is the remainder when 9776/128 + (-9)/24 is divided by 39?
37
Suppose -3*c - 5*r = 16, 6*c - 3*c - 34 = 5*r. Let y(b) = b**3 + b**2 - 6. Calculate the remainder when 58 is divided by y(c).
28
Let l = -123 + 188. Calculate the remainder when 453 is divided by l.
63
Let t(b) = -b**2 + b + 216. Calculate the remainder when t(-13) is divided by 1*6*32/48.
2
Suppose 0 = 5*f - f - 12, -2*f = -k - 35. Let v = -27 - k. Suppose -4 = -v*a + 4. Calculate the remainder when a is divided by 3.
1
Suppose 0 = -5*t - 9 - 11, 0 = -2*n - t + 36. What is the remainder when 51 is divided by n?
11
Let o = 201 - 131. What is the remainder when 275 is divided by o?
65
Let q(x) = x - 9. Suppose -3*w + 69 = 5*z, z - 2*z - 5*w + 27 = 0. Let j be q(z). Suppose 0 = j*a - 7 - 14. Calculate the remainder when 18 is divided by a.
4
Let g = 1376 + -1038. Calculate the remainder when g is divided by 16.
2
Let u = 328 - 308. What is the remainder when 78 is divided by u?
18
Let r = -427 + 475. What is the remainder when 95 is divided by r?
47
Let m = 179 + -148. What is the remainder when 43 is divided by m?
12
Suppose -3*w + 72 - 30 = 0. Let u = -56 + 59. Suppose u*b = 5*b - 16. Calculate the remain